5)?
-2
Let o(h) = 4*h - 20. Calculate o(0).
-20
Let c(x) = x**2 + 8*x + 11. What is c(0)?
11
Let l(v) = v + 67. What is l(-15)?
52
Let g(s) = -s**3 + 5*s**2 + 3*s - 13. Calculate g(5).
2
Let l(g) = -2*g + 27. What is l(15)?
-3
Let m(s) = s**3 + 4*s**2 + s + 6. Determine m(-5).
-24
Let t(o) = -o**2 + 10*o - 7. Calculate t(9).
2
Let w(i) = -14*i - 17. Calculate w(-2).
11
Let g(z) = -z**3 - z**2 - 3*z - 6. Determine g(-2).
4
Let i(j) = 7*j**3 + j**2 + 1. Determine i(-2).
-51
Let w(k) = 12*k - 56. Give w(7).
28
Let b(q) = -7*q**3 - 35*q**2 - 4*q - 11. Determine b(-5).
9
Let l(z) = z**2 + 27*z + 56. What is l(-25)?
6
Let c(g) = -15*g + 2. Determine c(2).
-28
Let p(f) = 23*f - 18. Give p(1).
5
Let j(w) = -w**3 + 10*w**2 + 4*w - 44. Calculate j(10).
-4
Let a(b) = -b**3 + 3*b. Give a(-3).
18
Let i(o) = 2*o**2 + 7*o - 12. Calculate i(-6).
18
Let g(m) = m**3 - 5*m**2 - 8*m + 9. What is g(6)?
-3
Let x(p) = p**2 + 9*p + 20. Calculate x(-6).
2
Let o(c) = 10*c - 26. What is o(4)?
14
Let l(g) = g**3 + 9*g**2 + 13*g + 5. Determine l(-7).
12
Let r(i) = i**2 - i + 8. Give r(0).
8
Let v(w) = -2*w**3 - 5*w**2 + 2*w + 2. Determine v(-5).
117
Let u(b) = 22*b + 110. What is u(-7)?
-44
Let h(s) = -4*s**3 + s**2 + 3*s - 4. Determine h(2).
-26
Let k(t) = -6*t - 5. Calculate k(-7).
37
Let m(w) = 11*w**2 + w + 2. Calculate m(2).
48
Let g(i) = 3*i**2 + 9*i + 8. Calculate g(-5).
38
Let t(v) = v**3 + 3*v**2 - 4*v - 25. Determine t(-5).
-55
Let h(q) = q**2 + 14*q - 25. Determine h(-18).
47
Let n(z) = -11*z - 10. What is n(-4)?
34
Let h(v) = 3*v. Calculate h(3).
9
Let k(p) = p**3 + 10*p**2 - 30*p - 17. What is k(-13)?
-134
Let m(x) = x**3 - 17*x**2 + 16*x + 17. Calculate m(16).
17
Let z(n) = -3*n - 47. Calculate z(-17).
4
Let s(r) = -r**2 - 12*r + 15. Determine s(-13).
2
Let h(y) = -2*y**3 + 3*y**2 + 2*y + 3. Determine h(3).
-18
Let d(u) = u**3 + 13*u**2 - 32*u - 14. Determine d(-15).
16
Let f(s) = 2*s**2 - 2*s. Determine f(-1).
4
Let s(u) = -2*u**3 + 4*u**2 + 2*u - 2. What is s(3)?
-14
Let s(l) = -l**3 + 1. Determine s(-1).
2
Let d(q) = -q**3 + 14*q**2 - q + 8. Determine d(14).
-6
Let y(m) = 6*m**2 - 42*m - 8. Determine y(6).
-44
Let r(m) = -7*m**3 + 6*m**2 - 9*m + 7. Give r(3).
-155
Let c(l) = -3*l + 2. Give c(6).
-16
Let z(v) = -v**2 - 22*v - 112. Determine z(-6).
-16
Let s(y) = y**3 + 9*y**2 + 13*y + 5. Determine s(-7).
12
Let f(j) = j**3 + 21*j**2 + 21*j - 9. Give f(-20).
-29
Let o(s) = 20*s - 3. Give o(2).
37
Let t(o) = 18*o + 179. Calculate t(-10).
-1
Let q(y) = 4*y - 10. Determine q(4).
6
Let c(i) = 2*i - 32. Calculate c(20).
8
Let l(a) = -a**3 + 5*a**2 + a - 5. Determine l(5).
0
Let z(f) = -3*f + 12. Give z(0).
12
Let z(g) = 44*g - 9. Calculate z(-4).
-185
Let l(m) = m**2 + 2*m - 7. What is l(0)?
-7
Let c(k) = -k**2 - 22*k + 45. Calculate c(-23).
22
Let z(i) = i**3 - 7*i**2 - 6*i. Calculate z(8).
16
Let f(q) = -q**2 + 41*q + 292. What is f(-6)?
10
Let b(k) = -2*k + 2. Calculate b(4).
-6
Let t(k) = -4*k. Determine t(-2).
8
Let z(o) = 18*o - 93. Calculate z(5).
-3
Let l(t) = -204*t - 3264. Give l(-16).
0
Let x(t) = -t**2 + t - 1. Calculate x(1).
-1
Let l(m) = -m**2 + 15*m - 50. Determine l(4).
-6
Let c(r) = 4*r - 3. Calculate c(-6).
-27
Let k(z) = z + 6. Determine k(-11).
-5
Let r(q) = -q**3 - 33*q**2 + 33*q - 38. Give r(-34).
-4
Let u(b) = 2*b - 16. Determine u(-6).
-28
Let q(u) = u - 7. Calculate q(3).
-4
Let i(v) = -15*v + 79. Determine i(4).
19
Let z(n) = n**2 - 23*n + 4. Determine z(22).
-18
Let b(l) = -3*l**2 + 26*l - 24. What is b(8)?
-8
Let l(b) = -3*b**2 - 28*b - 31. Calculate l(-7).
18
Let u(q) = -4*q**2 + q - 6. Determine u(2).
-20
Let u(f) = -3*f**3 + 2*f**2 + f - 5. Calculate u(-2).
25
Let g(i) = i + 12. Determine g(6).
18
Let k(n) = -3*n**3 - 3*n**2 - 4*n - 3. Determine k(-3).
63
Let k(b) = 3*b - 12. Give k(0).
-12
Let d(t) = -t - 21. Give d(-6).
-15
Let n(s) = -2*s**2 + 3*s - 10. What is n(3)?
-19
Let k(y) = -y**3 - 7*y**2 - 9*y - 20. Determine k(-6).
-2
Let w(y) = 11*y + 3. What is w(-3)?
-30
Let l(i) = i**2 - i - 12. Determine l(4).
0
Let j(x) = x**3 - 31*x**2 + 62*x - 122. Give j(29).
-6
Let u(k) = 13*k - 12. Determine u(5).
53
Let l(b) = -45*b + 267. Determine l(6).
-3
Let v(c) = c**2 - 2. Give v(0).
-2
Let a(n) = -4*n - 5. Give a(-2).
3
Let w(g) = 2*g**3 - 2*g**2 - 4*g - 5. Calculate w(4).
75
Let g(s) = -s + 53. Give g(21).
32
Let q(j) = -2*j**2 - 13*j + 7. Calculate q(-6).
13
Let j(g) = -5*g - 103. Determine j(-21).
2
Let q(l) = l**3 - 12*l**2 + 8*l + 46. Calculate q(11).
13
Let u(r) = r**3 + 10*r**2 + 9*r + 4. What is u(-9)?
4
Let t(v) = -5*v - 3. Calculate t(-5).
22
Let x(s) = -s**2 - s. Give x(0).
0
Let x(a) = 5*a. Give x(-5).
-25
Let z(n) = -10*n**2 + 21*n + 22. Determine z(3).
-5
Let i(p) = p**2 + 7*p + 19. Determine i(-7).
19
Let q(r) = -r**2 + 9*r - 28. Determine q(7).
-14
Let x(s) = 11*s + 16. Give x(7).
93
Let h(c) = -c**3 + 13*c**2 - 10*c - 16. What is h(12)?
8
Let b(k) = 17*k + 66. Give b(-4).
-2
Let m(p) = -p**3 - 5*p**2 + 10*p - 21. What is m(-7)?
7
Let x(p) = -4*p**3 - 3*p**2 + 16*p + 9. Calculate x(-3).
42
Let q(y) = -y**3 + 8*y**2 - 10*y + 7. Calculate q(6).
19
Let g(x) = -x - 43. What is g(0)?
-43
Let b(s) = -5*s**3 + 3*s**2 - 2*s + 1. Determine b(2).
-31
Let j(u) = u**2 - u - 18. Determine j(-5).
12
Let d(r) = 4*r + 33. What is d(-8)?
1
Let n(z) = -z - 53. Calculate n(0).
-53
Let f(h) = -18*h**3. Calculate f(1).
-18
Let a(i) = -i**3 - 7*i**2 + 9*i + 3. Determine a(-8).
-5
Let k(r) = -r**3 + 20*r**2 - 14*r - 31. What is k(19)?
64
Let z(w) = -w**3 - 12*w**2 - 3*w - 36. What is z(-12)?
0
Let p(x) = x**3 + 3*x**2 - x. Calculate p(2).
18
Let y(j) = 2*j**3 - 14*j**2 + 6. What is y(7)?
6
Let j(b) = b**3 - 4*b**2 - 4*b + 9. Determine j(5).
14
Let p(r) = -4*r - 21. Give p(-7).
7
Let n(c) = -c**2 + 11*c + 16. What is n(11)?
16
Let c(s) = 4*s**2 - 26*s + 9. Calculate c(6).
-3
Let p(x) = x**2 - 18*x + 18. Give p(18).
18
Let z(u) = -7*u - 9. Calculate z(-7).
40
Let x(v) = v**2 - 19*v + 7. Calculate x(15).
-53
Let u(w) = -w**2 - 25*w - 63. Give u(-23).
-17
Let h(l) = -l**3 - 4*l**2. What is h(-1)?
-3
Let p(k) = -k**2 + 16*k + 15. Calculate p(17).
-2
Let f(c) = -9*c + 1. Determine f(-5).
46
Let m(a) = -3*a + 30. Give m(13).
-9
Let j(b) = -b**2 - 5*b + 8. Calculate j(6).
-58
Let u(q) = -37*q + 124. Calculate u(4).
-24
Let p(j) = -j + 16. Calculate p(18).
-2
Let a(t) = -4*t - 8. Determine a(-6).
16
Let n(v) = 75*v + 1584. Calculate n(-21).
9
Let n(y) = y**3 + 25*y**2 + 69*y + 35. Give n(-22).
-31
Let b(r) = -8*r**2 + 15*r + 14. What is b(-1)?
-9
Let n(f) = -f**3 - f**2 + 9. Calculate n(0).
9
Let t(v) = -v**3 + 8*v**2 + 50*v + 13. What is t(12)?
37
Let d(b) = -8*b + 3. Calculate d(1).
-5
Let n(u) = u**2 + 9*u - 178. What is n(10)?
12
Let n(i) = 29*i**2 + 6*i + 7. What is n(-1)?
30
Let j(p) = -p**3 - 6*p**2 - 12*p - 38. What is j(-5)?
-3
Let z(l) = -l**3 + 65*l**2 - 124*l - 133. Determine z(63).
-7
Let q(a) = 23*a + 9. Calculate q(-1).
-14
Let c(o) = o**3 + 20*o**2 + o + 21. What is c(-20)?
1
Let g(a) = -a**3 + 2*a**2 + a - 3. Determine g(3).
-9
Let o(z) = z**3 - 3*z**2 - z - 8. Calculate o(4).
4
Let y(z) = -z**3 - 12*z**2 + 12*z - 16. What is y(-13)?
-3
Let l(s) = -3*s - 13. What is l(-5)?
2
Let n(q) = q**2 + 30*q + 32. Determine n(-15).
-193
Let j(l) = l**3 + 4*l**2 - 3*l - 4. What is j(-4)?
8
Let o(n) = -6*n**2 + 4*n + 5. What is o(-1)?
-5
Let i(c) = -10*c**2 - 1. What is i(1)?
-11
Let b(q) = -q**2 + 17*q - 13. Determine b(16).
3
Let m(z) = -z**3 - 13*z**2 - 23*z + 1. Calculate m(-11).
12
Let t(d) = 14*d + 96. What is t(-7)?
-2
Let a(l) = l**2 + 5*l - 5. What is a(-5)?
-5
Let k(l) = l**2 - 4*l + 7. Calculate k(5).
12
Let p(k) = 13*k**2 - 33*k - 10. What is p(3)?
8
Let z(a) = -a**3 + 7*a**2 + 44*a - 26. Calculate z(11).
-26
Let q(n) = -n**3 - 3*n**2 + 20*n + 6. Determine q(-6).
-6
Let d(q) = -142*q**2 - 2*q - 2. Determine d(-1).
-142
Let i(a) = a**3 - 3*a**2 - 3*a - 1. What is i(4)?
3
Let u(f) = -25*f - 5. What is u(0)?
-5
Let j(c) = -c**2 + 16*c - 27. Give j(11).
28
Let j(l) = l**3 - 23*l**2 + 21*l + 20. What is j(22)?
-2
Let c(q) = q + 38. Calculate c(-10).
28
Let t(w) = -w - 19. What is t(-12)?
-7
Let b(i) = -6*i**2 + 5*i + 5. Give b(-1).
-6
Let x(f) = f**2 - 15*f + 10. Determine x(12).
-26
Let c(k) = -k**3 + 13*k**2 + 16*k - 19. What is c